 hundred thousands digit of 12111590?
1
What is the hundreds digit of 359493?
4
What is the thousands digit of 70494?
0
What is the hundred thousands digit of 3769971?
7
What is the ten thousands digit of 262361?
6
What is the tens digit of 1293284?
8
What is the thousands digit of 116484?
6
What is the tens digit of 11231471?
7
What is the millions digit of 37171423?
7
What is the hundreds digit of 799586?
5
What is the hundreds digit of 49383?
3
What is the units digit of 79853?
3
What is the units digit of 5406256?
6
What is the hundred thousands digit of 524554?
5
What is the millions digit of 10570688?
0
What is the hundreds digit of 3056591?
5
What is the units digit of 2816869?
9
What is the ten thousands digit of 1854767?
5
What is the hundred thousands digit of 494619?
4
What is the tens digit of 731080?
8
What is the units digit of 1309702?
2
What is the thousands digit of 1239312?
9
What is the thousands digit of 60223?
0
What is the thousands digit of 4008245?
8
What is the hundreds digit of 806969?
9
What is the hundred thousands digit of 490868?
4
What is the hundred thousands digit of 1434464?
4
What is the hundreds digit of 3086540?
5
What is the thousands digit of 8423563?
3
What is the millions digit of 7038984?
7
What is the tens digit of 321682?
8
What is the units digit of 1818798?
8
What is the millions digit of 14199745?
4
What is the hundred thousands digit of 408297?
4
What is the hundred thousands digit of 703676?
7
What is the tens digit of 406479?
7
What is the hundreds digit of 22831841?
8
What is the ten thousands digit of 7170200?
7
What is the hundred thousands digit of 172208?
1
What is the hundreds digit of 34928770?
7
What is the ten thousands digit of 1224710?
2
What is the hundred thousands digit of 708055?
7
What is the hundreds digit of 2233174?
1
What is the millions digit of 1476736?
1
What is the units digit of 3719561?
1
What is the units digit of 405750?
0
What is the thousands digit of 30693584?
3
What is the hundreds digit of 752364?
3
What is the thousands digit of 394323?
4
What is the hundred thousands digit of 11336742?
3
What is the hundreds digit of 870638?
6
What is the thousands digit of 5890810?
0
What is the ten thousands digit of 253908?
5
What is the tens digit of 953630?
3
What is the millions digit of 4665892?
4
What is the millions digit of 26983041?
6
What is the thousands digit of 8098160?
8
What is the thousands digit of 406669?
6
What is the thousands digit of 4698?
4
What is the ten thousands digit of 417182?
1
What is the thousands digit of 240560?
0
What is the units digit of 4836016?
6
What is the millions digit of 2385331?
2
What is the tens digit of 191616?
1
What is the ten thousands digit of 810485?
1
What is the hundred thousands digit of 404595?
4
What is the hundreds digit of 1189986?
9
What is the thousands digit of 340193?
0
What is the tens digit of 2392398?
9
What is the hundreds digit of 233404?
4
What is the thousands digit of 532044?
2
What is the units digit of 2813864?
4
What is the ten millions digit of 41392044?
4
What is the ten thousands digit of 377842?
7
What is the hundred thousands digit of 2202659?
2
What is the millions digit of 3696959?
3
What is the tens digit of 5168562?
6
What is the units digit of 18381562?
2
What is the thousands digit of 140795?
0
What is the tens digit of 13498786?
8
What is the ten thousands digit of 14252034?
5
What is the thousands digit of 160704?
0
What is the units digit of 1294?
4
What is the millions digit of 2357762?
2
What is the hundreds digit of 83607?
6
What is the tens digit of 4459111?
1
What is the units digit of 7095517?
7
What is the millions digit of 5522175?
5
What is the tens digit of 100372?
7
What is the units digit of 9732572?
2
What is the tens digit of 362070?
7
What is the tens digit of 96969?
6
What is the tens digit of 1131771?
7
What is the units digit of 986856?
6
What is the millions digit of 30911506?
0
What is the ten thousands digit of 346992?
4
What is the hundred thousands digit of 198866?
1
What is the tens digit of 108194?
9
What is the hundred thousands digit of 1078507?
0
What is the units digit of 5033359?
9
What is the ten thousands digit of 74713?
7
What is the tens digit of 732588?
8
What is the ten thousands digit of 22182758?
8
What is the hundred thousands digit of 2370125?
3
What is the hundred thousands digit of 6200814?
2
What is the hundred thousands digit of 710218?
7
What is the hundreds digit of 415332?
3
What is the hundred thousands digit of 924554?
9
What is the ten thousands digit of 1069610?
6
What is the ten thousands digit of 4057012?
5
What is the hundred thousands digit of 180547?
1
What is the units digit of 11962675?
5
What is the millions digit of 26626521?
6
What is the hundred thousands digit of 214513?
2
What is the ten thousands digit of 1326316?
2
What is the tens digit of 2302725?
2
What is the units digit of 1617215?
5
What is the hundred thousands digit of 258356?
2
What is the tens digit of 1683777?
7
What is the millions digit of 13100257?
3
What is the ten thousands digit of 2427922?
2
What is the millions digit of 8671836?
8
What is the hundreds digit of 1098281?
2
What is the hundreds digit of 5449672?
6
What is the hundreds digit of 548405?
4
What is the ten thousands digit of 3554274?
5
What is the ten thousands digit of 588751?
8
What is the tens digit of 1452192?
9
What is the thousands digit of 487716?
7
What is the hundred thousands digit of 7756689?
7
What is the ten thousands digit of 4059532?
5
What is the thousands digit of 1880116?
0
What is the ten thousands digit of 420934?
2
What is the hundreds digit of 1455988?
9
What is the ten thousands digit of 331826?
3
What is the millions digit of 2088738?
2
What is the ten thousands digit of 666778?
6
What is the thousands digit of 1029317?
9
What is the hundred thousands digit of 19716190?
7
What is the tens digit of 1007242?
4
What is the tens digit of 643943?
4
What is the ten thousands digit of 95453?
9
What is the hundreds digit of 2814353?
3
What is the hundred thousands digit of 402352?
4
What is the ten thousands digit of 1100825?
0
What is the thousands digit of 1765715?
5
What is the thousands digit of 211331?
1
What is the hundreds digit of 489902?
9
What is the ten thousands digit of 125484?
2
What is the units digit of 2356775?
5
What is the tens digit of 3533206?
0
What is the units digit of 188864?
4
What is the hundred thousands digit of 517475?
5
What is the ten thousands digit of 13883?
1
What is the thousands digit of 331155?
1
What is the hundred thousands digit of 354391?
3
What is the hundreds digit of 87440?
4
What is the thousands digit of 7656362?
6
What is the hundreds digit of 10944?
9
What is the ten thousands digit of 373497?
7
What is the units digit of 8713702?
2
What is the millions digit of 5165408?
5
What is the units digit of 5744485?
5
What is the thousands digit of 562098?
2
What is the thousands digit of 5236291?
6
What is the hundred thousands digit of 606703?
6
What is the thousands digit of 4238610?
8
What is the hundred thousands digit of 305834?
3
What is the tens digit of 20938337?
3
What is the ten millions digit of 12912318?
1
What is the tens digit of 2605410?
1
What is the thousands digit of 5966540?
6
What is the hundreds digit of 248361?
3
What is the hundreds digit of 94706?
7
What is the units digit of 1392867?
7
What is the hundred thousands digit of 1665406?
6
What is the ten millions digit of 36042416?
3
What is the tens digit of 201638?
3
What is the hundred thousands digit of 1082471?
0
What is the tens digit of 1571901?
0
What is the thousands digit of 2427533?
7
What is the ten thousands digit of 5130637?
3
What is the units digit of 1565246?
6
What is the tens digit of 1574033?
3
What is the millions digit of 2227801?
2
What is the millions digit of 4703245?
4
What is the hundred thousands digit of 275474?
2
What is the ten thousands digit of 971458?
7
What is the hundred thousands digit of 404239?
4
What is the thousands digit of 939755?
9
What is the hundred thousands digit of 268107?
2
What is the units digit of 232576?
6
What is the thousands digit of 28170617?
0
What is the ten thousands digit of 12975069?
7
What is the mi